mposite number?
True
Is 2214049 a prime number?
False
Is 290201 a prime number?
True
Is 298 a composite number?
True
Is 6007 a composite number?
False
Is 445297 composite?
False
Is 7639 composite?
False
Is 79423 composite?
False
Is 1621259 a prime number?
True
Is 87853 prime?
True
Is 24593 composite?
False
Is 23269 a prime number?
True
Is 10757 composite?
True
Is 2953 a prime number?
True
Is 8893 a composite number?
False
Is 38299 composite?
False
Is 1191 composite?
True
Is 32081 composite?
True
Is 9109 prime?
True
Is 3899 a prime number?
False
Is 1273879 a composite number?
False
Is 207211 a prime number?
False
Is 8209 composite?
False
Is 48353 composite?
False
Is 6667 composite?
True
Is 78457 a composite number?
True
Is 217 a prime number?
False
Is 700919 prime?
True
Is 27427 a prime number?
True
Is 10033 a prime number?
False
Is 2889849 a prime number?
False
Is 2798 prime?
False
Is 925007 prime?
False
Is 15883 prime?
False
Is 37509 composite?
True
Is 8873 a prime number?
False
Is 102251 composite?
False
Is 2161 composite?
False
Is 5352681 composite?
True
Is 6109 a composite number?
True
Is 398 prime?
False
Is 39953 composite?
False
Is 4038121 prime?
True
Is 319883 a prime number?
True
Is 267515 a composite number?
True
Is 459961 a prime number?
True
Is 28685 prime?
False
Is 408277 composite?
True
Is 611921 a prime number?
True
Is 3137 prime?
True
Is 184573 a prime number?
False
Is 502697 a composite number?
True
Is 27947 composite?
False
Is 5220455 a composite number?
True
Is 2633 a composite number?
False
Is 1397 a prime number?
False
Is 257399 prime?
True
Is 998659 a prime number?
False
Is 14086 a prime number?
False
Is 16127 composite?
False
Is 48437 prime?
True
Is 5027 prime?
False
Is 5561 a prime number?
False
Is 4406 a prime number?
False
Is 2609 a composite number?
False
Is 155027 prime?
True
Is 34631 a prime number?
True
Is 200261 a composite number?
True
Is 542683 a prime number?
True
Is 4835 prime?
False
Is 1634161 composite?
True
Is 633 prime?
False
Is 73123 a prime number?
False
Is 17903 prime?
True
Is 2819 a composite number?
False
Is 1013377 composite?
False
Is 12323 a prime number?
True
Is 11091 prime?
False
Is 356731 prime?
True
Is 757153 composite?
True
Is 83023 prime?
True
Is 32738 a composite number?
True
Is 404819 a composite number?
False
Is 687049 prime?
False
Is 37617 composite?
True
Is 717613 composite?
True
Is 158059 composite?
True
Is 30865 composite?
True
Is 1807 a composite number?
True
Is 20707 prime?
True
Is 2427 composite?
True
Is 88843 prime?
True
Is 37153 a prime number?
False
Is 9613 a prime number?
True
Is 476347 a prime number?
True
Is 192201 prime?
False
Is 61373 composite?
True
Is 919 prime?
True
Is 23017 prime?
True
Is 562 a prime number?
False
Is 5323 a composite number?
False
Is 5422 prime?
False
Is 781087 prime?
True
Is 2159 a prime number?
False
Is 122477 composite?
False
Is 47413 a prime number?
False
Is 15259 a composite number?
False
Is 13523 a prime number?
True
Is 4547 composite?
False
Is 34507 composite?
True
Is 4703 prime?
True
Is 1736519 prime?
True
Is 289203 composite?
True
Is 30007 composite?
True
Is 40087 prime?
True
Is 556723 a composite number?
False
Is 1657 prime?
True
Is 49633 prime?
True
Is 2657 a prime number?
True
Is 810959 a composite number?
True
Is 689413 composite?
True
Is 40387 prime?
True
Is 1865 a prime number?
False
Is 290201 a prime number?
True
Is 779717 prime?
False
Is 13049 prime?
True
Is 84259 a prime number?
False
Is 41807 prime?
False
Is 192683 a composite number?
True
Is 333419 composite?
False
Is 256777 prime?
False
Is 3587 a composite number?
True
Is 82939 a prime number?
True
Is 14221 a composite number?
False
Is 8269 a prime number?
True
Is 8641 prime?
True
Is 75917 prime?
False
Is 68329 a composite number?
False
Is 131701 a prime number?
True
Is 346699 prime?
True
Is 32479 prime?
True
Is 7061 composite?
True
Is 15227 a prime number?
True
Is 48651 prime?
False
Is 887323 a composite number?
False
Is 460945 prime?
False
Is 140977 prime?
True
Is 120149 a prime number?
False
Is 429347 composite?
False
Is 4595 prime?
False
Is 1599457 a prime number?
False
Is 35491 a composite number?
False
Is 14953 composite?
True
Is 23757 prime?
False
Is 2530153 a composite number?
False
Is 1950697 composite?
True
Is 9977 a composite number?
True
Is 1333889 composite?
False
Is 52807 prime?
True
Is 60491 composite?
True
Is 25223 composite?
True
Is 57311 prime?
False
Is 141539 a composite number?
False
Is 51851 prime?
False
Is 18463 a composite number?
True
Is 10279 a composite number?
True
Is 246799 a prime number?
False
Is 179878 a prime number?
False
Is 30689 composite?
False
Is 25213 a prime number?
False
Is 8791 prime?
False
Is 3163 a prime number?
True
Is 35797 prime?
True
Is 552413 a composite number?
True
Is 1459 a prime number?
True
Is 74653 prime?
True
Is 75127 composite?
True
Is 293677 a prime number?
True
Is 26033 composite?
True
Is 4871 prime?
True
Is 956543 prime?
False
Is 1623 prime?
False
Is 8497 a composite number?
True
Is 5534 prime?
False
Is 149861 prime?
True
Is 36061 a composite number?
False
Is 2071 composite?
True
Is 5222395 a composite number?
True
Is 54722 prime?
False
Is 43057 prime?
False
Is 317887 prime?
True
Is 291619 prime?
True
Is 23451 a prime number?
False
Is 310333 prime?
True
Is 8571 a prime number?
False
Is 384767 a composite number?
True
Is 919 prime?
True
Is 526945 composite?
True
Is 70591 composite?
True
Is 1759 a composite number?
False
Is 14699 a composite number?
False
Is 50789 composite?
False
Is 22114 a prime number?
False
Is 24593 composite?
False
Is 379 a composite number?
False
Is 544873 composite?
True
Is 365161 prime?
False
Is 250329 a composite number?
True
Is 397567 composite?
False
Is 25793 a composite number?
False
Is 133253 a prime number?
True
Is 250823 prime?
False
Is 5287141 a composite number?
False
Is 14199 prime?
False
Is 271391 a prime number?
False
Is 2735 composite?
True
Is 15395 a composite number?
True
Is 4677 prime?
False
Is 1201 a prime number?
True
Is 14981 composite?
True
Is 118097 a composite number?
True
Is 4327 a prime number?
True
Is 1042937 a composite number?
True
Is 135854 composite?
True
Is 35031 prime?
False
Is 304537 a prime number?
True
Is 194569 prime?
True
Is 12199 composite?
True
Is 553519 prime?
False
Is 141314 a prime number?
False
Is 1815673 composite?
False
Is 722251 prime?
False
Is 127 prime?
True
Is 13157 composite?
True
Is 13511 a composite number?
True
Is 2993 a composite number?
True
Is 85661 a prime number?
True
Is 22229 prime?
True
Is 9111 a prime number?
False
Is 127577 composite?
True
Is 29473 a prime number?
True
Is 7991 prime?
False
Is 164489 a composite number?
True
Is 37165 a prime number?
False
Is 6412881 a composite number?
True
Is 13381 a prime number?
True
Is 164777 composite?
True
Is 1259 prime?
True
Is 435677 a composite number?
True
Is 1113337 a composite number?
False
Is 23159 composite?
False
Is 1822 composite?
True
Is 9619 a composite number?
False
Is 18623 prime?
False
Is 357419 prime?
False
Is 228829 a prime number?
True
Is 165797 a prime number?
False
Is 439541 a composite number?
False
Is 1013813 prime?
True
Is 904847 composite?
False
Is 25427 a composite number?
True
Is 2342 a prime number?
False
Is 11983 a prime number?
False
Is 7978 a composite number?
True
Is 66287 prime?
False
Is 815831 composite?
False
Is 47543 composite?
False
Is 3388907 a composite number?
False
Is 4871 a prime number?
True
Is 14171 a composite number?
True
Is 24061 a composite number?
False
Is 6901 a prime number?
False
Is 122051 composite?
False
Is 98597 a prime number?
True
Is 101071 a prime number?
False
Is 330503 a prime number?
False
Is 32506 a prime number?
False
Is 79549 a composite number?
False
Is 41729 a composite number?
False
Is 1399 a prime number?
True
Is 70331 composite?
True
Is 124261 prime?
False
Is 69469 a prime number?
False
Is 463897 composite?
True
Is 86747 prime?
False
Is 30815 a prime number?
False
Is 237389 a prime number?
False
Is 91697 prime?
False
Is 2547397 prime?
True
Is 417941 a composite number?
False
Is 102118 a prime number?
False
Is 3907 prime?
True
Is 3487 composite?
True
Is 265 composite?
True
Is 19063 a composite number?
True
Is 176299 a composite number?